 12444383?
False
Is 15 a factor of 864574?
False
Is 14 a factor of 451731?
False
Is 634324 a multiple of 37?
False
Is 381 a factor of 397002?
True
Is 15149856 a multiple of 408?
True
Is 9 a factor of 607917?
False
Is 385 a factor of 287323?
False
Is 23 a factor of 61350?
False
Is 391441 a multiple of 555?
False
Is 51966 a multiple of 5?
False
Is 26 a factor of 5111190?
False
Is 2139096 a multiple of 16?
False
Is 74 a factor of 2998889?
False
Is 328112 a multiple of 16?
True
Does 8 divide 2180889?
False
Does 66 divide 481074?
True
Does 29 divide 230608?
True
Is 69594 a multiple of 131?
False
Does 239 divide 7362413?
False
Does 1258 divide 2811630?
True
Is 8 a factor of 114601?
False
Is 293 a factor of 6502256?
True
Is 17 a factor of 572492?
True
Is 19 a factor of 312303?
True
Is 5192567 a multiple of 295?
False
Is 28 a factor of 1725735?
False
Does 267 divide 118196?
False
Does 457 divide 8444446?
True
Does 5 divide 535?
True
Is 1918755 a multiple of 9?
True
Does 7 divide 61173?
True
Is 20 a factor of 1044980?
True
Is 1669735 a multiple of 23?
False
Is 7361312 a multiple of 472?
True
Is 3731265 a multiple of 234?
False
Is 102 a factor of 2752674?
True
Does 405 divide 4837320?
True
Is 83 a factor of 42932?
False
Does 486 divide 604876?
False
Is 18 a factor of 132204?
False
Does 9 divide 7532946?
True
Does 47 divide 42394?
True
Is 64 a factor of 82496?
True
Does 327 divide 488538?
True
Does 205 divide 1052071?
False
Does 4 divide 130359?
False
Is 19 a factor of 963072?
True
Is 75 a factor of 232575?
True
Does 62 divide 5853706?
False
Does 40 divide 13239920?
True
Does 300 divide 196800?
True
Is 459 a factor of 6657795?
True
Is 358 a factor of 5215030?
False
Is 8985796 a multiple of 89?
True
Is 520300 a multiple of 11?
True
Is 403250 a multiple of 13?
False
Does 53 divide 74268?
False
Is 431536 a multiple of 14?
True
Is 4 a factor of 366277?
False
Is 6514800 a multiple of 50?
True
Does 14 divide 567054?
False
Does 23 divide 32469?
False
Is 53 a factor of 12415428?
False
Does 91 divide 1325051?
True
Does 575 divide 217280?
False
Does 24 divide 12698?
False
Is 26 a factor of 100529?
False
Is 35 a factor of 42070?
True
Does 761 divide 637305?
False
Does 4 divide 467721?
False
Is 30 a factor of 135980?
False
Is 715050 a multiple of 9?
True
Does 24 divide 8077080?
True
Is 164566 a multiple of 78?
False
Is 142694 a multiple of 22?
False
Is 655 a factor of 23383245?
False
Is 161690 a multiple of 370?
True
Is 451350 a multiple of 75?
True
Does 33 divide 161997?
True
Is 136521 a multiple of 11?
True
Is 17 a factor of 63410?
True
Is 184496 a multiple of 6?
False
Does 144 divide 65952?
True
Is 31 a factor of 601493?
True
Is 2179814 a multiple of 18?
False
Is 345 a factor of 2632695?
True
Is 82 a factor of 24219602?
True
Is 1341312 a multiple of 21?
True
Is 440175 a multiple of 26?
False
Is 132642 a multiple of 60?
False
Is 180 a factor of 19950300?
True
Is 54411 a multiple of 184?
False
Is 869 a factor of 3633202?
False
Is 57060 a multiple of 18?
True
Does 54 divide 106920?
True
Is 302455 a multiple of 251?
True
Does 14 divide 27174?
True
Does 164 divide 11061144?
True
Does 29 divide 7937?
False
Does 188 divide 2650800?
True
Does 76 divide 6294700?
True
Does 17 divide 1158328?
False
Does 12 divide 3171156?
True
Is 1734626 a multiple of 218?
True
Is 448 a factor of 3660608?
True
Does 72 divide 35083?
False
Is 7 a factor of 86200?
False
Is 307146 a multiple of 497?
True
Does 25 divide 6932600?
True
Is 185673 a multiple of 13?
False
Does 150 divide 664050?
True
Is 18825794 a multiple of 107?
True
Is 121 a factor of 31097?
True
Is 4367155 a multiple of 65?
True
Is 5 a factor of 77220?
True
Is 115 a factor of 754866?
False
Is 825 a factor of 9680891?
False
Does 28 divide 5834251?
False
Is 197 a factor of 34081?
True
Is 80 a factor of 75280?
True
Is 11 a factor of 119702?
True
Is 31 a factor of 220854?
False
Is 37 a factor of 178784?
True
Is 434 a factor of 8442602?
True
Is 193182 a multiple of 6?
True
Does 5 divide 4808275?
True
Is 29160 a multiple of 27?
True
Does 23 divide 435385?
False
Is 92 a factor of 153364?
True
Is 645 a factor of 9819348?
False
Is 68 a factor of 66708?
True
Is 742832 a multiple of 17?
True
Does 2 divide 2677?
False
Is 13 a factor of 305904?
False
Is 14456364 a multiple of 38?
False
Is 14 a factor of 1441958?
True
Is 169 a factor of 293215?
True
Does 4 divide 11324?
True
Does 142 divide 1063938?
False
Is 616791 a multiple of 105?
False
Is 1375816 a multiple of 214?
False
Is 37 a factor of 1955709?
True
Is 127 a factor of 48323?
False
Is 204977 a multiple of 42?
False
Is 37 a factor of 1535648?
True
Is 954550 a multiple of 79?
False
Is 154062 a multiple of 6?
True
Is 118204 a multiple of 116?
True
Does 11 divide 403690?
False
Is 1854930 a multiple of 3?
True
Is 42 a factor of 1386845?
False
Is 679 a factor of 6335749?
True
Is 283 a factor of 194741?
False
Is 5 a factor of 25570?
True
Is 741232 a multiple of 26?
False
Does 98 divide 79401?
False
Is 6690687 a multiple of 17?
False
Is 18 a factor of 423396?
True
Is 12 a factor of 92237?
False
Is 19 a factor of 148599?
True
Is 256707 a multiple of 3?
True
Is 7 a factor of 3331299?
False
Is 17 a factor of 250121?
True
Is 55955 a multiple of 19?
True
Does 36 divide 292805?
False
Is 22 a factor of 577537?
False
Is 10 a factor of 350045?
False
Is 554100 a multiple of 50?
True
Does 523 divide 796006?
True
Does 279 divide 1438574?
False
Is 215 a factor of 1134868?
False
Is 69960 a multiple of 106?
True
Does 78 divide 4865718?
True
Is 196920 a multiple of 24?
True
Is 108 a factor of 109070?
False
Does 15 divide 19045687?
False
Is 11 a factor of 120747?
True
Is 9 a factor of 2386941?
False
Is 14260 a multiple of 29?
False
Does 8 divide 35183?
False
Is 163503 a multiple of 7?
False
Is 112 a factor of 2699973?
False
Is 1603062 a multiple of 74?
True
Is 293 a factor of 9194563?
False
Does 43 divide 800635?
False
Is 42 a factor of 56826?
True
Is 37 a factor of 1610980?
True
Does 774 divide 1256976?
True
Is 71139 a multiple of 2?
False
Does 182 divide 136873?
False
Is 52 a factor of 45084?
True
Does 2 divide 826?
True
Does 11 divide 31222?
False
Is 60 a factor of 17940?
True
Is 20071973 a multiple of 83?
True
Does 718 divide 316638?
True
Is 25 a factor of 305744?
False
Does 121 divide 75235?
False
Is 282 a factor of 59304?
False
Does 4 divide 296894?
False
Does 7 divide 980830?
False
Does 83 divide 72258?
False
Is 10 a factor of 60650?
True
Is 17 a factor of 450363?
False
Is 63 a factor of 754716?
False
Does 39 divide 2383290?
True
Does 62 divide 86924?
True
Is 19 a factor of 1061325?
False
Is 4 a factor of 187437?
False
Is 90685 a multiple of 30?
False
Is 10675680 a multiple of 736?
True
Is 44467 a multiple of 2?
False
Does 524 divide 451050?
False
Does 4 divide 2988624?
True
Does 128 divide 174748?
False
Is 79637 even?
False
Is 1599170 a multiple of 86?
True
Is 153 a factor of 8279289?
True
Is 8827446 a multiple of 23?
True
Does 154 divide 563486?
True
Is 4111 a multiple of 13?
False
Is 439620 a multiple of 15?
True
Is 2693142 a multiple of 106?
True
Is 52 a factor of 8438560?
True
Is 1171656 a multiple of 18?
True
Is 289296 a multiple of 82?
True
Does 10 divide 2214380?
True
Is 605864 a multiple of 124?
True
Does 27 divide 227243?
False
Is 43 a factor of 305773?
True
Is 87448 a multiple of 263?
False
Is 11 a factor of 3632387?
True
Is 283416 a multiple of 13?
False
Is 2498 a factor of 26880170?
False
Does 331 divide 238982?
True
Is 19278 a multiple of 14?
True
Does 291 divide 187113?
True
Is 27 a factor of 26190?
True
Does 429 divide 159753?
False
Is 114400 a multiple of 55?
True
Is 71086 a multiple of 71?
False
Is 19 a factor of 6194741?
True
Does 40 divide 1821662?
False
Is 134858 a multiple of 24?
False
Does 70 divide 344136?
False
Does 88 divide 670472?
True
Is 254078 a multiple of 11?
True
Is 1417 a factor of 5870631?
True
Does 25 divide 4210025?
True
Is 279481 a multiple of 17?
False
Does 4 divide 745045?
False
Is 22 a factor of 11795872?
True
Is 7 a factor of 26712?
True
Is 17 a factor of 76158?
False
Is 75708 a multiple of 108?
True
Is 65416 a multiple of 52?
True
Is 216 a factor of 1436380?
False
Does 15 divide 1817685?
True
Does 17 divide 1109908?
False
Is 131975 a multiple of 140?
False
I